ivided by 9682?
99
What is the remainder when 340 is divided by 124?
92
What is the remainder when 7765 is divided by 2558?
91
Calculate the remainder when 4005 is divided by 3225.
780
What is the remainder when 2393 is divided by 2375?
18
Calculate the remainder when 864 is divided by 130.
84
Calculate the remainder when 365882 is divided by 433.
430
What is the remainder when 2853 is divided by 359?
340
What is the remainder when 80694 is divided by 26898?
0
What is the remainder when 4234 is divided by 46?
2
Calculate the remainder when 77793 is divided by 4576.
1
What is the remainder when 104824 is divided by 353?
336
Calculate the remainder when 8769 is divided by 801.
759
What is the remainder when 82933 is divided by 291?
289
What is the remainder when 1311728 is divided by 49?
47
What is the remainder when 753 is divided by 170?
73
What is the remainder when 83151 is divided by 140?
131
Calculate the remainder when 610 is divided by 581.
29
What is the remainder when 2242 is divided by 48?
34
Calculate the remainder when 29243 is divided by 170.
3
What is the remainder when 1049 is divided by 411?
227
What is the remainder when 29513 is divided by 7360?
73
Calculate the remainder when 1285 is divided by 76.
69
Calculate the remainder when 92014 is divided by 432.
430
What is the remainder when 12973 is divided by 14?
9
What is the remainder when 470155 is divided by 214?
211
Calculate the remainder when 1261 is divided by 1.
0
What is the remainder when 5093 is divided by 2395?
303
What is the remainder when 6115 is divided by 1999?
118
Calculate the remainder when 4922 is divided by 132.
38
What is the remainder when 2796 is divided by 156?
144
Calculate the remainder when 1786 is divided by 762.
262
Calculate the remainder when 7070638 is divided by 16.
14
Calculate the remainder when 8918 is divided by 97.
91
Calculate the remainder when 5730 is divided by 2837.
56
Calculate the remainder when 23802 is divided by 5905.
182
Calculate the remainder when 149579 is divided by 90.
89
What is the remainder when 5483 is divided by 149?
119
What is the remainder when 7562087 is divided by 1016?
1015
Calculate the remainder when 2270 is divided by 396.
290
What is the remainder when 40176 is divided by 1404?
864
What is the remainder when 24881 is divided by 45?
41
Calculate the remainder when 2123 is divided by 761.
601
What is the remainder when 250421 is divided by 46?
43
Calculate the remainder when 47874 is divided by 40.
34
What is the remainder when 541386 is divided by 14632?
2
What is the remainder when 14422 is divided by 26?
18
What is the remainder when 50 is divided by 30?
20
What is the remainder when 8139 is divided by 2682?
93
What is the remainder when 36537 is divided by 12161?
54
Calculate the remainder when 2658 is divided by 383.
360
Calculate the remainder when 283630 is divided by 35.
25
Calculate the remainder when 2875 is divided by 613.
423
Calculate the remainder when 3489 is divided by 265.
44
Calculate the remainder when 335203 is divided by 195.
193
Calculate the remainder when 10674 is divided by 172.
10
Calculate the remainder when 5068 is divided by 2405.
258
What is the remainder when 8652 is divided by 2146?
68
Calculate the remainder when 95673 is divided by 5021.
274
Calculate the remainder when 24917 is divided by 462.
431
What is the remainder when 196634 is divided by 41?
39
Calculate the remainder when 414425 is divided by 17.
16
What is the remainder when 2425803 is divided by 157?
153
Calculate the remainder when 352138 is divided by 12.
10
Calculate the remainder when 763 is divided by 73.
33
Calculate the remainder when 4739 is divided by 750.
239
Calculate the remainder when 11052 is divided by 55.
52
Calculate the remainder when 65042 is divided by 32468.
106
What is the remainder when 96482 is divided by 121?
45
What is the remainder when 232342 is divided by 86?
56
Calculate the remainder when 4235715 is divided by 978.
975
Calculate the remainder when 99220 is divided by 60.
40
Calculate the remainder when 19410 is divided by 1292.
30
What is the remainder when 73188 is divided by 65?
63
Calculate the remainder when 23298 is divided by 99.
33
What is the remainder when 76928 is divided by 286?
280
What is the remainder when 55718 is divided by 18392?
542
Calculate the remainder when 9862 is divided by 224.
6
Calculate the remainder when 3107 is divided by 701.
303
What is the remainder when 417343 is divided by 16?
15
What is the remainder when 136387 is divided by 1976?
43
What is the remainder when 49935 is divided by 203?
200
What is the remainder when 45129 is divided by 138?
3
Calculate the remainder when 1901 is divided by 262.
67
What is the remainder when 3983 is divided by 1261?
200
What is the remainder when 182874 is divided by 45687?
126
Calculate the remainder when 13428 is divided by 363.
360
What is the remainder when 1453 is divided by 586?
281
Calculate the remainder when 300 is divided by 275.
25
What is the remainder when 69090 is divided by 62?
22
What is the remainder when 11323 is divided by 869?
26
What is the remainder when 677927 is divided by 677927?
0
Calculate the remainder when 34973 is divided by 29.
28
What is the remainder when 2020 is divided by 276?
88
What is the remainder when 3768 is divided by 449?
176
What is the remainder when 73267 is divided by 3855?
22
What is the remainder when 701 is divided by 216?
53
Calculate the remainder when 197 is divided by 21.
8
Calculate the remainder when 45934 is divided by 16.
14
Calculate the remainder when 1027 is divided by 13.
0
What is the remainder when 2596 is divided by 2576?
20
Calculate the remainder when 373738 is divided by 14374.
14
What is the remainder when 1220728 is divided by 1068?
4
What is the remainder when 52259 is divided by 195?
194
What is the remainder when 475616 is divided by 26?
24
Calculate the remainder when 6955 is divided by 14.
11
What is the remainder when 8939 is divided by 424?
35
Calculate the remainder when 315360 is divided by 31.
28
Calculate the remainder when 1456 is divided by 214.
172
What is the remainder when 303 is divided by 35?
23
What is the remainder when 28760 is divided by 28739?
21
What is the remainder when 961 is divided by 53?
7
Calculate the remainder when 9990573 is divided by 12.
9
What is the remainder when 3306 is divided by 1199?
908
Calculate the remainder when 3109 is divided by 195.
184
What is the remainder when 35581 is divided by 29?
27
What is the remainder when 74177 is divided by 185?
177
Calculate the remainder when 85985 is divided by 5730.
35
What is the remainder when 20389 is divided by 206?
201
Calculate the remainder when 6748 is divided by 256.
92
Calculate the remainder when 127571 is divided by 395.
381
What is the remainder when 35237 is divided by 62?
21
Calculate the remainder when 73925 is divided by 57.
53
Calculate the remainder when 7881 is divided by 871.
42
What is the remainder when 220415 is divided by 1030?
1025
What is the remainder when 22070 is divided by 131?
62
What is the remainder when 10599 is divided by 1170?
69
What is the remainder when 9052 is divided by 46?
36
What is the remainder when 3761 is divided by 33?
32
Calculate the remainder when 1159638 is divided by 79.
76
Calculate the remainder when 343 is divided by 324.
19
Calculate the remainder when 6872 is divided by 316.
236
What is the remainder when 17050 is divided by 259?
215
What is the remainder when 34212 is divided by 34144?
68
What is the remainder when 7509 is divided by 214?
19
Calculate the remainder when 20299 is divided by 29.
28
What is the remainder when 25463 is divided by 116?
59
What is the remainder when 2748 is divided by 451?
42
Calculate the remainder when 9615 is divided by 131.
52
Calculate the remainder when 63338 is divided by 207.
203
Calculate the remainder when 18996 is divided by 788.
84
What is the remainder when 460078 is divided by 40?
38
What is the remainder when 15965 is divided by 4937?
1154
What is the remainder when 13147 is divided by 2191?
1
Calculate the remainder when 41233 is divided by 1117.
1021
Calculate the remainder when 34201 is divided by 900.
1
Calculate the remainder when 16252 is divided by 347.
290